{"id":4071,"date":"2017-12-12T20:26:23","date_gmt":"2017-12-12T19:26:23","guid":{"rendered":"https:\/\/triana.salesianos.edu\/parroquia\/?page_id=4071"},"modified":"2023-10-11T18:13:56","modified_gmt":"2023-10-11T16:13:56","slug":"saludo-parroco","status":"publish","type":"page","link":"https:\/\/triana.salesianos.edu\/parroquia\/saludo-parroco\/","title":{"rendered":"Saludo del P\u00e1rroco"},"content":{"rendered":"<div id=\"fb-root\"><\/div>\n<p>[et_pb_section fb_built=\u00bb1&#8243; fullwidth=\u00bbon\u00bb _builder_version=\u00bb4.16&#8243; global_colors_info=\u00bb{}\u00bb][et_pb_fullwidth_header title=\u00bbSaludo del P\u00e1rroco\u00bb module_class=\u00bbpagina-imagen-cabecera\u00bb _builder_version=\u00bb4.16&#8243; background_color=\u00bbrgba(255, 255, 255, 0)\u00bb background_image=\u00bbhttps:\/\/inspectoria.salesianos.edu\/wp-content\/uploads\/2017\/09\/ImagenPAGINA.jpg\u00bb background_layout=\u00bblight\u00bb max_width_tablet=\u00bb50px\u00bb global_colors_info=\u00bb{}\u00bb button_one_text_size__hover_enabled=\u00bboff\u00bb button_one_text_size__hover=\u00bbnull\u00bb button_two_text_size__hover_enabled=\u00bboff\u00bb button_two_text_size__hover=\u00bbnull\u00bb button_one_text_color__hover_enabled=\u00bboff\u00bb button_one_text_color__hover=\u00bbnull\u00bb button_two_text_color__hover_enabled=\u00bboff\u00bb button_two_text_color__hover=\u00bbnull\u00bb button_one_border_width__hover_enabled=\u00bboff\u00bb button_one_border_width__hover=\u00bbnull\u00bb button_two_border_width__hover_enabled=\u00bboff\u00bb button_two_border_width__hover=\u00bbnull\u00bb button_one_border_color__hover_enabled=\u00bboff\u00bb button_one_border_color__hover=\u00bbnull\u00bb button_two_border_color__hover_enabled=\u00bboff\u00bb button_two_border_color__hover=\u00bbnull\u00bb button_one_border_radius__hover_enabled=\u00bboff\u00bb button_one_border_radius__hover=\u00bbnull\u00bb button_two_border_radius__hover_enabled=\u00bboff\u00bb button_two_border_radius__hover=\u00bbnull\u00bb button_one_letter_spacing__hover_enabled=\u00bboff\u00bb button_one_letter_spacing__hover=\u00bbnull\u00bb button_two_letter_spacing__hover_enabled=\u00bboff\u00bb button_two_letter_spacing__hover=\u00bbnull\u00bb button_one_bg_color__hover_enabled=\u00bboff\u00bb button_one_bg_color__hover=\u00bbnull\u00bb button_two_bg_color__hover_enabled=\u00bboff\u00bb button_two_bg_color__hover=\u00bbnull\u00bb][\/et_pb_fullwidth_header][\/et_pb_section][et_pb_section fb_built=\u00bb1&#8243; admin_label=\u00bbsection\u00bb _builder_version=\u00bb4.16&#8243; global_colors_info=\u00bb{}\u00bb][et_pb_row column_structure=\u00bb1_4,3_4&#8243; _builder_version=\u00bb4.16&#8243; custom_margin=\u00bb25px|||\u00bb custom_padding=\u00bb25px|||\u00bb global_colors_info=\u00bb{}\u00bb][et_pb_column type=\u00bb1_4&#8243; _builder_version=\u00bb4.16&#8243; custom_padding=\u00bb|||\u00bb global_colors_info=\u00bb{}\u00bb custom_padding__hover=\u00bb|||\u00bb][et_pb_image src=\u00bbhttps:\/\/triana.salesianos.edu\/parroquia\/wp-content\/uploads\/sites\/6\/2023\/10\/Parroco.png\u00bb _builder_version=\u00bb4.22.2&#8243; hover_enabled=\u00bb0&#8243; global_colors_info=\u00bb{}\u00bb title_text=\u00bbP\u00e1rroco\u00bb border_radii=\u00bbon|5px|5px|5px|5px\u00bb sticky_enabled=\u00bb0&#8243;][\/et_pb_image][\/et_pb_column][et_pb_column type=\u00bb3_4&#8243; _builder_version=\u00bb4.16&#8243; custom_padding=\u00bb|||\u00bb global_colors_info=\u00bb{}\u00bb custom_padding__hover=\u00bb|||\u00bb][et_pb_text admin_label=\u00bbTexto\u00bb _builder_version=\u00bb4.22.2&#8243; text_orientation=\u00bbjustified\u00bb hover_enabled=\u00bb0&#8243; global_colors_info=\u00bb{}\u00bb sticky_enabled=\u00bb0&#8243;]<\/p>\n<p>Queridos amigos y amigas:<\/p>\n<p>Un cordial y fraterno saludo.<\/p>\n<p>Nuestra parroquia salesiana est\u00e1 plenamente integrada y en comuni\u00f3n con los otros ambientes de nuestra casa y en la di\u00f3cesis de Sevilla. Crecemos en esta comuni\u00f3n con las dem\u00e1s parroquias de nuestro arciprestazgo y con los grupos de familia salesiana y la pastoral juvenil para sentirnos iglesia viva.\u00a0<\/p>\n<p>\u00a0Seguimos inspir\u00e1ndonos en el documento sobre la parroquia salesiana. Nuestra Parroquia de San Juan Bosco <strong>-parroquia con vocaci\u00f3n de servicio al barrio, y a toda la Comunidad Educativo-Pastoral de nuestra Casa Salesiana de Triana<\/strong>&#8211; se encuentra ante un reto importante de expansi\u00f3n en calidad y cantidad. Dice as\u00ed:<\/p>\n<p style=\"padding-left: 80px;\"><strong><em>\u00a0<\/em><\/strong><strong><em>\u201cLa Parroquia se convierte en un ambiente central en el que confluyen todos los dem\u00e1s sectores, como lugar de referencia para celebrar y compartir la fe\u2026 La parroquia confiada a los Salesianos es el lugar donde la comunidad cristiana de la Obra Salesiana celebra y reza, est\u00e1 llamada a ser la &lt;tienda del encuentro&gt;, el espacio que el Se\u00f1or ha elegido para vivir entre nosotros\u201d <\/em>(Del documento La parroquia y el santuario confiados a los Salesianos, 3.5.A.)<\/strong><\/p>\n<p>Me pongo a vuestra disposici\u00f3n y estoy seguro que entre todos podremos seguir prestando un bonito servicio de evangelizaci\u00f3n a todas las familias y j\u00f3venes de nuestra parroquia.\u00a0<\/p>\n<p><strong>\u00a1Gracias de coraz\u00f3n por vuestra comprensi\u00f3n y por toda la entrega generosa que hace posible la vitalidad y el crecimiento de nuestra Parroquia de San Juan Bosco!\u00a0<\/strong><\/p>\n<p>Que el Se\u00f1or nos bendiga y Mar\u00eda Auxiliadora nos proteja siempre,<\/p>\n<p>[\/et_pb_text][et_pb_text admin_label=\u00bbTexto\u00bb _builder_version=\u00bb4.22.2&#8243; text_font=\u00bbLato||||\u00bb text_text_color=\u00bb#e02b20&#8243; text_font_size=\u00bb20px\u00bb text_orientation=\u00bbright\u00bb module_alignment=\u00bbright\u00bb hover_enabled=\u00bb0&#8243; global_colors_info=\u00bb{}\u00bb sticky_enabled=\u00bb0&#8243;]<\/p>\n<p>Francisco Jos\u00e9 P\u00e9rez Camacho, SDB,<\/p>\n<p>P\u00e1rroco.<\/p>\n<p>[\/et_pb_text][\/et_pb_column][\/et_pb_row][\/et_pb_section]<\/p>\n","protected":false},"excerpt":{"rendered":"<p>Queridos amigos y amigas: Un cordial y fraterno saludo. Nuestra parroquia salesiana est\u00e1 plenamente integrada y en comuni\u00f3n con los otros ambientes de nuestra casa y en la di\u00f3cesis de Sevilla. Crecemos en esta comuni\u00f3n con las dem\u00e1s parroquias de nuestro arciprestazgo y con los grupos de familia salesiana y la pastoral juvenil para sentirnos [&hellip;]<\/p>\n","protected":false},"author":5,"featured_media":0,"parent":0,"menu_order":0,"comment_status":"closed","ping_status":"closed","template":"","meta":{"_et_pb_use_builder":"on","_et_pb_old_content":"","_et_gb_content_width":"","footnotes":""},"class_list":["post-4071","page","type-page","status-publish","hentry"],"yoast_head":"<!-- This site is optimized with the Yoast SEO plugin v27.4 - https:\/\/yoast.com\/product\/yoast-seo-wordpress\/ -->\n<title>Saludo del P\u00e1rroco - Parroquia<\/title>\n<meta name=\"robots\" content=\"index, follow, max-snippet:-1, max-image-preview:large, max-video-preview:-1\" \/>\n<link rel=\"canonical\" href=\"https:\/\/triana.salesianos.edu\/parroquia\/saludo-parroco\/\" \/>\n<meta property=\"og:locale\" content=\"es_ES\" \/>\n<meta property=\"og:type\" content=\"article\" \/>\n<meta property=\"og:title\" content=\"Saludo del P\u00e1rroco - Parroquia\" \/>\n<meta property=\"og:description\" content=\"Queridos amigos y amigas: Un cordial y fraterno saludo. Nuestra parroquia salesiana est\u00e1 plenamente integrada y en comuni\u00f3n con los otros ambientes de nuestra casa y en la di\u00f3cesis de Sevilla. Crecemos en esta comuni\u00f3n con las dem\u00e1s parroquias de nuestro arciprestazgo y con los grupos de familia salesiana y la pastoral juvenil para sentirnos [&hellip;]\" \/>\n<meta property=\"og:url\" content=\"https:\/\/triana.salesianos.edu\/parroquia\/saludo-parroco\/\" \/>\n<meta property=\"og:site_name\" content=\"Parroquia\" \/>\n<meta property=\"article:modified_time\" content=\"2023-10-11T16:13:56+00:00\" \/>\n<meta name=\"twitter:card\" content=\"summary_large_image\" \/>\n<meta name=\"twitter:label1\" content=\"Tiempo de lectura\" \/>\n\t<meta name=\"twitter:data1\" content=\"2 minutos\" \/>\n<script type=\"application\/ld+json\" class=\"yoast-schema-graph\">{\"@context\":\"https:\\\/\\\/schema.org\",\"@graph\":[{\"@type\":\"WebPage\",\"@id\":\"https:\\\/\\\/triana.salesianos.edu\\\/parroquia\\\/saludo-parroco\\\/\",\"url\":\"https:\\\/\\\/triana.salesianos.edu\\\/parroquia\\\/saludo-parroco\\\/\",\"name\":\"Saludo del P\u00e1rroco - Parroquia\",\"isPartOf\":{\"@id\":\"https:\\\/\\\/triana.salesianos.edu\\\/parroquia\\\/#website\"},\"datePublished\":\"2017-12-12T19:26:23+00:00\",\"dateModified\":\"2023-10-11T16:13:56+00:00\",\"breadcrumb\":{\"@id\":\"https:\\\/\\\/triana.salesianos.edu\\\/parroquia\\\/saludo-parroco\\\/#breadcrumb\"},\"inLanguage\":\"es\",\"potentialAction\":[{\"@type\":\"ReadAction\",\"target\":[\"https:\\\/\\\/triana.salesianos.edu\\\/parroquia\\\/saludo-parroco\\\/\"]}]},{\"@type\":\"BreadcrumbList\",\"@id\":\"https:\\\/\\\/triana.salesianos.edu\\\/parroquia\\\/saludo-parroco\\\/#breadcrumb\",\"itemListElement\":[{\"@type\":\"ListItem\",\"position\":1,\"name\":\"Portada\",\"item\":\"https:\\\/\\\/triana.salesianos.edu\\\/parroquia\\\/\"},{\"@type\":\"ListItem\",\"position\":2,\"name\":\"Saludo del P\u00e1rroco\"}]},{\"@type\":\"WebSite\",\"@id\":\"https:\\\/\\\/triana.salesianos.edu\\\/parroquia\\\/#website\",\"url\":\"https:\\\/\\\/triana.salesianos.edu\\\/parroquia\\\/\",\"name\":\"Parroquia\",\"description\":\"P\u00e1gina oficial Salesianos Triana Sevilla\",\"potentialAction\":[{\"@type\":\"SearchAction\",\"target\":{\"@type\":\"EntryPoint\",\"urlTemplate\":\"https:\\\/\\\/triana.salesianos.edu\\\/parroquia\\\/?s={search_term_string}\"},\"query-input\":{\"@type\":\"PropertyValueSpecification\",\"valueRequired\":true,\"valueName\":\"search_term_string\"}}],\"inLanguage\":\"es\"}]}<\/script>\n<!-- \/ Yoast SEO plugin. -->","yoast_head_json":{"title":"Saludo del P\u00e1rroco - Parroquia","robots":{"index":"index","follow":"follow","max-snippet":"max-snippet:-1","max-image-preview":"max-image-preview:large","max-video-preview":"max-video-preview:-1"},"canonical":"https:\/\/triana.salesianos.edu\/parroquia\/saludo-parroco\/","og_locale":"es_ES","og_type":"article","og_title":"Saludo del P\u00e1rroco - Parroquia","og_description":"Queridos amigos y amigas: Un cordial y fraterno saludo. Nuestra parroquia salesiana est\u00e1 plenamente integrada y en comuni\u00f3n con los otros ambientes de nuestra casa y en la di\u00f3cesis de Sevilla. Crecemos en esta comuni\u00f3n con las dem\u00e1s parroquias de nuestro arciprestazgo y con los grupos de familia salesiana y la pastoral juvenil para sentirnos [&hellip;]","og_url":"https:\/\/triana.salesianos.edu\/parroquia\/saludo-parroco\/","og_site_name":"Parroquia","article_modified_time":"2023-10-11T16:13:56+00:00","twitter_card":"summary_large_image","twitter_misc":{"Tiempo de lectura":"2 minutos"},"schema":{"@context":"https:\/\/schema.org","@graph":[{"@type":"WebPage","@id":"https:\/\/triana.salesianos.edu\/parroquia\/saludo-parroco\/","url":"https:\/\/triana.salesianos.edu\/parroquia\/saludo-parroco\/","name":"Saludo del P\u00e1rroco - Parroquia","isPartOf":{"@id":"https:\/\/triana.salesianos.edu\/parroquia\/#website"},"datePublished":"2017-12-12T19:26:23+00:00","dateModified":"2023-10-11T16:13:56+00:00","breadcrumb":{"@id":"https:\/\/triana.salesianos.edu\/parroquia\/saludo-parroco\/#breadcrumb"},"inLanguage":"es","potentialAction":[{"@type":"ReadAction","target":["https:\/\/triana.salesianos.edu\/parroquia\/saludo-parroco\/"]}]},{"@type":"BreadcrumbList","@id":"https:\/\/triana.salesianos.edu\/parroquia\/saludo-parroco\/#breadcrumb","itemListElement":[{"@type":"ListItem","position":1,"name":"Portada","item":"https:\/\/triana.salesianos.edu\/parroquia\/"},{"@type":"ListItem","position":2,"name":"Saludo del P\u00e1rroco"}]},{"@type":"WebSite","@id":"https:\/\/triana.salesianos.edu\/parroquia\/#website","url":"https:\/\/triana.salesianos.edu\/parroquia\/","name":"Parroquia","description":"P\u00e1gina oficial Salesianos Triana Sevilla","potentialAction":[{"@type":"SearchAction","target":{"@type":"EntryPoint","urlTemplate":"https:\/\/triana.salesianos.edu\/parroquia\/?s={search_term_string}"},"query-input":{"@type":"PropertyValueSpecification","valueRequired":true,"valueName":"search_term_string"}}],"inLanguage":"es"}]}},"_links":{"self":[{"href":"https:\/\/triana.salesianos.edu\/parroquia\/wp-json\/wp\/v2\/pages\/4071","targetHints":{"allow":["GET"]}}],"collection":[{"href":"https:\/\/triana.salesianos.edu\/parroquia\/wp-json\/wp\/v2\/pages"}],"about":[{"href":"https:\/\/triana.salesianos.edu\/parroquia\/wp-json\/wp\/v2\/types\/page"}],"author":[{"embeddable":true,"href":"https:\/\/triana.salesianos.edu\/parroquia\/wp-json\/wp\/v2\/users\/5"}],"replies":[{"embeddable":true,"href":"https:\/\/triana.salesianos.edu\/parroquia\/wp-json\/wp\/v2\/comments?post=4071"}],"version-history":[{"count":17,"href":"https:\/\/triana.salesianos.edu\/parroquia\/wp-json\/wp\/v2\/pages\/4071\/revisions"}],"predecessor-version":[{"id":5607,"href":"https:\/\/triana.salesianos.edu\/parroquia\/wp-json\/wp\/v2\/pages\/4071\/revisions\/5607"}],"wp:attachment":[{"href":"https:\/\/triana.salesianos.edu\/parroquia\/wp-json\/wp\/v2\/media?parent=4071"}],"curies":[{"name":"wp","href":"https:\/\/api.w.org\/{rel}","templated":true}]}}

Saludo del Párroco

<div id="fb-root"></div>
<p>[et_pb_section fb_built=»1&#8243; fullwidth=»on» _builder_version=»4.16&#8243; global_colors_info=»{}»][et_pb_fullwidth_header title=»Saludo del Párroco» module_class=»pagina-imagen-cabecera» _builder_version=»4.16&#8243; background_color=»rgba(255, 255, 255, 0)» background_image=»https://inspectoria.salesianos.edu/wp-content/uploads/2017/09/ImagenPAGINA.jpg» background_layout=»light» max_width_tablet=»50px» global_colors_info=»{}» button_one_text_size__hover_enabled=»off» button_one_text_size__hover=»null» button_two_text_size__hover_enabled=»off» button_two_text_size__hover=»null» button_one_text_color__hover_enabled=»off» button_one_text_color__hover=»null» button_two_text_color__hover_enabled=»off» button_two_text_color__hover=»null» button_one_border_width__hover_enabled=»off» button_one_border_width__hover=»null» button_two_border_width__hover_enabled=»off» button_two_border_width__hover=»null» button_one_border_color__hover_enabled=»off» button_one_border_color__hover=»null» button_two_border_color__hover_enabled=»off» button_two_border_color__hover=»null» button_one_border_radius__hover_enabled=»off» button_one_border_radius__hover=»null» button_two_border_radius__hover_enabled=»off» button_two_border_radius__hover=»null» button_one_letter_spacing__hover_enabled=»off» button_one_letter_spacing__hover=»null» button_two_letter_spacing__hover_enabled=»off» button_two_letter_spacing__hover=»null» button_one_bg_color__hover_enabled=»off» button_one_bg_color__hover=»null» button_two_bg_color__hover_enabled=»off» button_two_bg_color__hover=»null»][/et_pb_fullwidth_header][/et_pb_section][et_pb_section fb_built=»1&#8243; admin_label=»section» _builder_version=»4.16&#8243; global_colors_info=»{}»][et_pb_row column_structure=»1_4,3_4&#8243; _builder_version=»4.16&#8243; custom_margin=»25px|||» custom_padding=»25px|||» global_colors_info=»{}»][et_pb_column type=»1_4&#8243; _builder_version=»4.16&#8243; custom_padding=»|||» global_colors_info=»{}» custom_padding__hover=»|||»][et_pb_image src=»https://triana.salesianos.edu/parroquia/wp-content/uploads/sites/6/2023/10/Parroco.png» _builder_version=»4.22.2&#8243; hover_enabled=»0&#8243; global_colors_info=»{}» title_text=»Párroco» border_radii=»on|5px|5px|5px|5px» sticky_enabled=»0&#8243;][/et_pb_image][/et_pb_column][et_pb_column type=»3_4&#8243; _builder_version=»4.16&#8243; custom_padding=»|||» global_colors_info=»{}» custom_padding__hover=»|||»][et_pb_text admin_label=»Texto» _builder_version=»4.22.2&#8243; text_orientation=»justified» hover_enabled=»0&#8243; global_colors_info=»{}» sticky_enabled=»0&#8243;]</p>
<p>Queridos amigos y amigas:</p>
<p>Un cordial y fraterno saludo.</p>
<p>Nuestra parroquia salesiana está plenamente integrada y en comunión con los otros ambientes de nuestra casa y en la diócesis de Sevilla. Crecemos en esta comunión con las demás parroquias de nuestro arciprestazgo y con los grupos de familia salesiana y la pastoral juvenil para sentirnos iglesia viva. </p>
<p> Seguimos inspirándonos en el documento sobre la parroquia salesiana. Nuestra Parroquia de San Juan Bosco <strong>-parroquia con vocación de servicio al barrio, y a toda la Comunidad Educativo-Pastoral de nuestra Casa Salesiana de Triana</strong>&#8211; se encuentra ante un reto importante de expansión en calidad y cantidad. Dice así:</p>
<p style="padding-left: 80px;"><strong><em> </em></strong><strong><em>“La Parroquia se convierte en un ambiente central en el que confluyen todos los demás sectores, como lugar de referencia para celebrar y compartir la fe… La parroquia confiada a los Salesianos es el lugar donde la comunidad cristiana de la Obra Salesiana celebra y reza, está llamada a ser la &lt;tienda del encuentro&gt;, el espacio que el Señor ha elegido para vivir entre nosotros” </em>(Del documento La parroquia y el santuario confiados a los Salesianos, 3.5.A.)</strong></p>
<p>Me pongo a vuestra disposición y estoy seguro que entre todos podremos seguir prestando un bonito servicio de evangelización a todas las familias y jóvenes de nuestra parroquia. </p>
<p><strong>¡Gracias de corazón por vuestra comprensión y por toda la entrega generosa que hace posible la vitalidad y el crecimiento de nuestra Parroquia de San Juan Bosco! </strong></p>
<p>Que el Señor nos bendiga y María Auxiliadora nos proteja siempre,</p>
<p>[/et_pb_text][et_pb_text admin_label=»Texto» _builder_version=»4.22.2&#8243; text_font=»Lato||||» text_text_color=»#e02b20&#8243; text_font_size=»20px» text_orientation=»right» module_alignment=»right» hover_enabled=»0&#8243; global_colors_info=»{}» sticky_enabled=»0&#8243;]</p>
<p>Francisco José Pérez Camacho, SDB,</p>
<p>Párroco.</p>
<p>[/et_pb_text][/et_pb_column][/et_pb_row][/et_pb_section]</p>

<p>Queridos amigos y amigas: Un cordial y fraterno saludo. Nuestra parroquia salesiana está plenamente integrada y en comunión con los otros ambientes de nuestra casa y en la diócesis de Sevilla. Crecemos en esta comunión con las demás parroquias de nuestro arciprestazgo y con los grupos de familia salesiana y la pastoral juvenil para sentirnos [&hellip;]</p>

<!-- This site is optimized with the Yoast SEO plugin v27.4 - https://yoast.com/product/yoast-seo-wordpress/ -->
<title>Saludo del Párroco - Parroquia</title>
<meta name="robots" content="index, follow, max-snippet:-1, max-image-preview:large, max-video-preview:-1" />
<link rel="canonical" href="https://triana.salesianos.edu/parroquia/saludo-parroco/" />
<meta property="og:locale" content="es_ES" />
<meta property="og:type" content="article" />
<meta property="og:title" content="Saludo del Párroco - Parroquia" />
<meta property="og:description" content="Queridos amigos y amigas: Un cordial y fraterno saludo. Nuestra parroquia salesiana está plenamente integrada y en comunión con los otros ambientes de nuestra casa y en la diócesis de Sevilla. Crecemos en esta comunión con las demás parroquias de nuestro arciprestazgo y con los grupos de familia salesiana y la pastoral juvenil para sentirnos [&hellip;]" />
<meta property="og:url" content="https://triana.salesianos.edu/parroquia/saludo-parroco/" />
<meta property="og:site_name" content="Parroquia" />
<meta property="article:modified_time" content="2023-10-11T16:13:56+00:00" />
<meta name="twitter:card" content="summary_large_image" />
<meta name="twitter:label1" content="Tiempo de lectura" />
	<meta name="twitter:data1" content="2 minutos" />
<script type="application/ld+json" class="yoast-schema-graph">{"@context":"https:\/\/schema.org","@graph":[{"@type":"WebPage","@id":"https:\/\/triana.salesianos.edu\/parroquia\/saludo-parroco\/","url":"https:\/\/triana.salesianos.edu\/parroquia\/saludo-parroco\/","name":"Saludo del Párroco - Parroquia","isPartOf":{"@id":"https:\/\/triana.salesianos.edu\/parroquia\/#website"},"datePublished":"2017-12-12T19:26:23+00:00","dateModified":"2023-10-11T16:13:56+00:00","breadcrumb":{"@id":"https:\/\/triana.salesianos.edu\/parroquia\/saludo-parroco\/#breadcrumb"},"inLanguage":"es","potentialAction":[{"@type":"ReadAction","target":["https:\/\/triana.salesianos.edu\/parroquia\/saludo-parroco\/"]}]},{"@type":"BreadcrumbList","@id":"https:\/\/triana.salesianos.edu\/parroquia\/saludo-parroco\/#breadcrumb","itemListElement":[{"@type":"ListItem","position":1,"name":"Portada","item":"https:\/\/triana.salesianos.edu\/parroquia\/"},{"@type":"ListItem","position":2,"name":"Saludo del Párroco"}]},{"@type":"WebSite","@id":"https:\/\/triana.salesianos.edu\/parroquia\/#website","url":"https:\/\/triana.salesianos.edu\/parroquia\/","name":"Parroquia","description":"Página oficial Salesianos Triana Sevilla","potentialAction":[{"@type":"SearchAction","target":{"@type":"EntryPoint","urlTemplate":"https:\/\/triana.salesianos.edu\/parroquia\/?s={search_term_string}"},"query-input":{"@type":"PropertyValueSpecification","valueRequired":true,"valueName":"search_term_string"}}],"inLanguage":"es"}]}</script>
<!-- / Yoast SEO plugin. -->

Saludo del Párroco - Parroquia

Queridos amigos y amigas: Un cordial y fraterno saludo. Nuestra parroquia salesiana está plenamente integrada y en comunión con los otros ambientes de nuestra casa y en la diócesis de Sevilla. Crecemos en esta comunión con las demás parroquias de nuestro arciprestazgo y con los grupos de familia salesiana y la pastoral juvenil para sentirnos [&hellip;]

Página oficial Salesianos Triana Sevilla
